e -u = -3*q - 0. List the prime factors of q.
2
Suppose 0*m = -2*m. Let p be 1/2*(-22 - m). Let u = -8 - p. What are the prime factors of u?
3
Let x(t) = -t - 6. Let p be x(-6). Suppose -j + p = -6. What are the prime factors of j?
2, 3
Suppose -5*c - 277 + 862 = 0. What are the prime factors of c?
3, 13
Let c(f) = f + 12. Let y(u) be the first derivative of u**4/4 + u**3/3 - u**2/2 - u - 2. Let x be y(-1). What are the prime factors of c(x)?
2, 3
Let m be -3 - -7*(-1)/(-1). Suppose -2*s - 54 = -m*s. What are the prime factors of s?
3
Let k(f) = -27*f + 8. What are the prime factors of k(-4)?
2, 29
Suppose 3 + 3 = 3*g. Let n = g - 3. Let w(u) = -3*u - 1. List the prime factors of w(n).
2
Suppose 0 = -5*j + 4*y + 726, j - 295 = -j - 3*y. List the prime factors of j.
2, 73
Suppose 3*v = -v + 72. What are the prime factors of v?
2, 3
Let t(g) = -2*g**3 + g**2 + 2*g + 1. Suppose -3 = -o, 8 + 3 = -5*h + 2*o. List the prime factors of t(h).
2
List the prime factors of (-3 - 555/(-6)) + 1/2.
2, 3, 5
Let m be (-1 - 1)*(-315)/18. Suppose -b = 2 - 7. Suppose -q + 9 = b*y - 22, y - m = -2*q. What are the prime factors of q?
2
Let n = -7 + 10. Suppose -4*x = -2*a + 6, a - n*x + 4 = 12. Let p = a + 13. List the prime factors of p.
2, 3
Suppose i = 4, 2 + 6 = 3*k + 2*i. Suppose k = 5*h + 4*w - 85, 0*h - w = -5*h + 85. What are the prime factors of h?
17
Suppose 5*j = -106 - 24. Let l = -1 - j. List the prime factors of l.
5
Suppose -3*u + 0*u = -4*w, -u + 1 = -w. List the prime factors of w.
3
Let b(x) = x**2 - 8*x + 10. Let w be b(7). Suppose -71 = -j - 4*j - w*u, u = -4*j + 61. List the prime factors of j.
2
Suppose -8*r = -931 + 27. List the prime factors of r.
113
Let i be (-12)/(-4 + 1)*1. Suppose -34 - 6 = -i*n. Let r = -3 + n. List the prime factors of r.
7
Suppose -40 = -2*w + 7*w. Let r be ((-15)/6)/((-4)/w). List the prime factors of 2/r + (-276)/(-15).
2, 3
Let h(o) = o**2 - 6*o + 2. Let c be h(6). Let f(k) be the first derivative of -k**3/3 + k**2 + 2*k - 2. What are the prime factors of f(c)?
2
Let k(b) = -5*b + 7. Let d(o) = 2*o - 2. Let h(w) = -8*d(w) - 3*k(w). Let u be h(-7). Suppose -u*c = c - 63. List the prime factors of c.
3, 7
Suppose 5*p - 6 = 7*p. Let i(v) = -6*v - 6. List the prime factors of i(p).
2, 3
List the prime factors of (-148)/(-14) + (-51)/(-119).
11
Let i(v) = -v**2 - 9*v - 7. Let h be i(-5). Let q = h - 6. What are the prime factors of q?
7
Let c(j) = -j**2 - j + 2. Let x be c(-2). Suppose 2*w - 8 = -x*w. Suppose p = -0 - 2, -w*l + 4*p + 28 = 0. What are the prime factors of l?
5
Let f(n) be the second derivative of n**3/6 + 7*n**2 - 3*n. What are the prime factors of f(0)?
2, 7
Suppose 4*i - 3*u = 11 - 4, -i - 3*u - 17 = 0. Let s be 44/(-1) + i/(-1). List the prime factors of (-492)/s - (-4)/14.
2, 3
Let w(q) = 0*q + 2 + 4 + 6 - q. List the prime factors of w(5).
7
Suppose -7*x + 484 = -489. What are the prime factors of x?
139
Let w(f) be the second derivative of 3*f**5/20 + f**4/4 + f**3/6 + f**2/2 + 2*f. Let d be w(-2). Let b = 22 + d. What are the prime factors of b?
3
Suppose 59 + 1 = 4*v. Suppose 2*b = 2, 4*b - v = -3*p + b. List the prime factors of p.
2
Suppose 0 = -4*i + 1 + 63. What are the prime factors of i?
2
Let g = -9 - -12. Suppose g*w + w = 84. List the prime factors of w.
3, 7
Let f(m) = 14*m - 16. List the prime factors of f(6).
2, 17
Let w be 6/(-3) + 1 - 6. Let o be (2/(-4))/(w/(-56)). List the prime factors of (-268)/(-22) - o/(-22).
2, 3
Suppose -10 = 5*x + 5*p - 35, 5*x = p + 13. Let t(d) = -3*d + 1. Let g be t(1). What are the prime factors of 2 + 6 - (g + x)?
7
Let x(m) = -70*m**3 + 2*m**2 - m - 2. Let f be x(-1). Suppose 0 = 2*d + 4, -2*h + 2*d - 17 = -f. List the prime factors of h.
5
Let m(x) be the second derivative of -x**3/6 + 15*x**2/2 + 5*x. List the prime factors of m(7).
2
Let o(q) = q**3 - 9*q**2 + 10*q - 12. Let k be o(8). Let h be ((-10)/1)/(k/(-14)). What are the prime factors of 4/(-6) - h/(-3)?
11
Let b(g) = g**2 - 7*g + 9. Suppose 5*p + 2*c - 26 = 0, p = 2*p + 5*c + 4. Let r be b(p). Suppose r*z - 35 = -2*z. List the prime factors of z.
7
Let u be 2 + (20*2 - 3). Suppose a - u = -2*a. What are the prime factors of a?
13
Suppose -4*g - g = 5*z - 10, -4*g - 3*z = -10. Suppose 0 = g*s - 0*s - 56. What are the prime factors of s?
2, 7
Let r = 1 + 2. Let x(b) = 1 - b**3 - 10*b + 11*b**2 + 2*b**3 - r*b**2. List the prime factors of x(-9).
2, 5
Let v = -16 + 14. Let s = 15 - v. What are the prime factors of s?
17
Suppose 3*c = -2 + 14. Suppose -c*u = -0*u - 20. Suppose 0 = -u*s + 9 + 6. List the prime factors of s.
3
Suppose -4*r - 5*w + 8 = 0, 0 = -3*r + 3*w - 5*w - 1. What are the prime factors of (r + (-14)/(-1))*1?
11
Let q(w) = -w - 2*w**2 + 3*w**2 - 2*w**3 + 3*w**3 + w**2 - 3. List the prime factors of q(2).
11
Suppose 0 = 3*o - 131 - 85. What are the prime factors of o?
2, 3
Let d(c) = 1 + 2*c - 3 + 4. List the prime factors of d(3).
2
Let r(c) = -c**2 + 9*c - 2. Let m be r(6). Suppose 24 = -4*g + 3*k, 5*k - m - 16 = 4*g. List the prime factors of (-2)/(-3) + (-31)/g.
11
Let i be (-1)/(-3) - 18490/(-15). List the prime factors of i/81 - 2/9.
3, 5
Let x be (-27)/12 - 2/(-8). Suppose 2*m = 3*m - 8. Let v = m + x. List the prime factors of v.
2, 3
Suppose -2*q + 0*q + 10 = 0. Suppose 2*x + 4*y = -6, y = -q*x - 2*y + 20. What are the prime factors of x?
7
Let u(q) be the third derivative of q**5/60 - 5*q**4/24 - 4*q**3/3 + 8*q**2. List the prime factors of u(8).
2
Let d = 22 - -14. What are the prime factors of d?
2, 3
What are the prime factors of (-1 + -1)*(3645/6)/(-9)?
3, 5
Suppose -3*v + 9 = -4*p, -5*v = -6*p + p - 15. Let u(z) = 7*z + p - 5*z - 1 + 6*z. List the prime factors of u(2).
3, 5
List the prime factors of (-3897)/(-18) + (-2)/4.
2, 3
Suppose 4*w - 9 = -11*h + 6*h, -2*w + 2*h = -18. List the prime factors of 86/6 - (-4)/w.
3, 5
Suppose 0 = -0*k + 2*k - 3*h - 15, -18 = -5*k + h. What are the prime factors of k?
3
Let k(o) = -o**3 - 4*o**2 - 2*o + 1. List the prime factors of k(-4).
3
Suppose -2*p - 5*i = -2*i - 78, 2*p - 78 = 5*i. List the prime factors of p.
3, 13
Let t(r) = r**2 - 4*r - 3. Suppose 5*u - 28 = -2*m, 12 = m + 3*u - u. Suppose 5 + 1 = -3*p, m*q = -5*p - 18. List the prime factors of t(q).
3
Let o(r) = -r + 1. Let p be o(-1). Suppose -a - 4*n - 11 = 0, -2*a - 3*n = p*n + 7. List the prime factors of a.
3
Suppose -2*m - h = 2*m - 349, 0 = 2*m + 3*h - 177. What are the prime factors of m?
3, 29
Suppose 0 = -5*z - 15, -5*p + 2*z + 209 = -347. Suppose 5*j - p = 45. Suppose -w + h + j = -4*h, 3*h + 9 = -w. What are the prime factors of w?
2, 3
Let p be (-12)/(-8) + 1/2. Suppose 5*l - 30 = -3*u, 0 = -2*l + l + u - p. List the prime factors of l.
3
Suppose p - x = 5*p, 0 = -5*p - x. Suppose -3*n + p + 15 = 0. List the prime factors of n.
5
Let d(t) = -t**3 - 3*t**2 - 2*t - 2. What are the prime factors of d(-3)?
2
Suppose 0 = -9*g + 4*g + 20. Let u(t) = -t**2 + 7*t + 5. What are the prime factors of u(g)?
17
Suppose 0*c + 137 = c - 2*j, j = 5*c - 649. What are the prime factors of c?
3, 43
Let a = -2 - -6. Suppose 3*v = v + 24. Suppose -4*g - a + v = 0. What are the prime factors of g?
2
What are the prime factors of ((-51)/4)/(24/(-128))?
2, 17
Let y(j) = j**2 + 2*j - 6. What are the prime factors of y(6)?
2, 3, 7
Suppose -3*w = -5*q + 4*q - 1, 0 = -w - 5*q - 5. Suppose -5*o + 5*s + 30 = w, 2*o - 5*s = 6*o + 12. Suppose -36 = -o*g - g. List the prime factors of g.
2, 3
Let s(l) = -l**2 + 6*l + 1. Suppose 5*k - 11 = -3*g, -3 = -g + 2*g. What are the prime factors of s(k)?
3
List the prime factors of 2*(1 + -2) - -7.
5
Suppose -80 - 55 = -3*i. Suppose 2*b + i = 141. What are the prime factors of b/28*(0 + 7)?
2, 3
Let t(h) be the first derivative of -3*h**2/2 - h - 1. Suppose -g - 4*g - 10 = 0. What are the prime factors of t(g)?
5
Let d(z) be the first derivative of z**4/2 - z**3 + 3*z**2/2 + 2*z - 8. What are the prime factors of d(3)?
2, 19
Suppose -4*n + 0*n = 0. Suppose 4*v + 2*a - 6*a - 16 = 0, 20 = 3*v + 5*a. Suppose n = l + v*y - 12 - 11, -l - y = -7. List the prime factors of l.
3
Suppose -22 = 4*w - 2*w. Let f = 15 + w. List the prime factors of f.
2
Suppose 3*o - 4*o + 28 = 3*t, -2*o + t + 84 = 0. List the prime factors of (-6)/2 + o - 2.
5, 7
Let